culate k(-8).
-7
Let v(r) = -2 + r + 0 - 2*r. Let n(b) = b**3 + 3*b**2 - 4*b - 4. Let c be n(-4). Calculate v(c).
2
Let p be 6/(-4) - -1 - (-110)/(-20). Let u(w) be the first derivative of w**4/4 + 2*w**3 + w**2 + 9*w + 1. What is u(p)?
-3
Let h(w) = w - 2. Let q = 15 - 21. Determine h(q).
-8
Let h(q) = 0*q - 20*q - 2*q. Give h(1).
-22
Let z(g) = 3*g**2 + 3*g + 3. Let p(x) = 5*x**2 + 7*x + 5. Let r(a) = -4*p(a) + 7*z(a). Determine r(7).
1
Let q be 6/9 + 2/6. Let v(t) = -1 + t + 7*t**3 - 2*t**2 - t**2 + 5*t**2 - 3*t**2. Give v(q).
6
Let u(z) = -7*z**3 - z**2 - z. Let i(o) = -o**3 + 5*o**2 - 4. Let j be i(4). Suppose j = 2*a - 6. Let h = 8 - a. Calculate u(h).
7
Let i(n) = 2*n + 6. Suppose 3*y + 18 = 3*t, 2*t = -2*y + 4 + 4. Suppose 0*z = t*z + 20. What is i(z)?
-2
Let x = 9 + -3. Let n(v) be the first derivative of 1/2*v**2 + 3 + x*v. Calculate n(-5).
1
Suppose -p - 1 - 2 = 0, 3*r - p - 9 = 0. Let j(z) = z**2 - 5*z - z**r - 2*z**2 - 1 - 1. Give j(-3).
-5
Suppose x = 2*x - 4. Suppose 3*g + 0*g - 10 = m, x*m - g = 4. Let k(d) = 3*d**2 + 1 - d + m*d**3 - 2*d**3 - 2*d + d**3. Determine k(-4).
-3
Let a(k) be the third derivative of -k**6/24 + k**5/60 + k**4/12 + k**3/6 + 6*k**2. Determine a(-1).
5
Suppose -3*s + 7 - 1 = 0. Let v(h) = s*h - h**2 + 2*h**2 - 4*h**2. Determine v(2).
-8
Suppose 6*w + 38 - 2 = 0. Let p(d) = -d**2 - 5*d + 4. Give p(w).
-2
Suppose -5*y + 12 = -63. Suppose 2*j + 3*j + y = 0. Let c(d) = d**3 + 4*d**2 - 3*d**2 - d - 3*d + 1. Determine c(j).
-5
Let y(g) = -4 + g**2 + 5 - 2 + 0*g - 6*g. Give y(7).
6
Let f(s) = s + 1. Let d = 1 + -3. Let b(r) = -r + 1. Let a(n) = d*b(n) - f(n). Give a(-4).
-7
Let y(r) = -r**2 - 6*r - 7. Suppose -3*f + 9 = -4*f - t, t - 3 = f. What is y(f)?
-7
Let h(x) = x**2 + 3*x - 1. Let q be h(2). Let f be ((-4)/(-3))/(6/q). Suppose -f*m - 12 = 2*m. Let g(c) = -c**2 - 7*c - 4. Give g(m).
8
Suppose -51 - 48 = -11*o. Let d(k) = k**3 - 8*k**2 - 7*k - 10. What is d(o)?
8
Suppose 0 = -5*g + 36 - 41. Let q(l) = 8*l**2 + 2*l + 1. What is q(g)?
7
Suppose 0 = -3*a + 5*a, -m - a + 4 = 0. Let x(p) = p**2 + 2 - 5 - m - 1 - 5*p. What is x(6)?
-2
Let c(q) = -q**2 - q - 2. Let z be c(-1). Let b(s) = s**3 + s**2 + 2*s + 2. What is b(z)?
-6
Suppose -j = -0*j - 5. Let q = j + 1. Let b(d) = 7*d**3 + 6*d**2 - 8*d - 5. Let k(c) = -6*c**3 - 5*c**2 + 7*c + 4. Let g(w) = q*k(w) + 5*b(w). Calculate g(-2).
3
Let r(j) = -j**3 + j**2 - j - 2. Let o(g) = g**3 - 2*g**2 + g + 3. Let d(h) = 5*o(h) + 6*r(h). What is d(-4)?
7
Let a(q) = 4*q**2 + 3 + 2*q + 2*q - 3*q**2 + 0*q. Let w be a(-2). Let i(n) = n + 2. Calculate i(w).
1
Suppose 3*l - k + 12 = 7*l, 5*l + 3*k - 22 = 0. Let q(z) be the first derivative of -3 - z - 3/2*z**l. Calculate q(-2).
5
Suppose 3*n - 18 - 6 = 0. Let s(g) = g**2 - 6*g - 9. Let w(c) = 2*c**2 - 9*c - 14. Let f(a) = n*s(a) - 5*w(a). Let b = 5 - 7. Calculate f(b).
-4
Let r(w) be the second derivative of -w**6/120 + w**5/10 + w**4/12 - w**3/2 - 3*w**2/2 + 3*w. Let f(b) be the first derivative of r(b). Give f(6).
9
Let g(s) = s**2 + 7*s + 7. Let l be (25/15)/((-1)/3). Calculate g(l).
-3
Let b(q) = -8 + 2 - 3*q + 5*q. What is b(7)?
8
Let i = 15 - 11. Let z(l) = l**3 - 5*l**2 + 3*l + 4. Let x be z(i). Let o(m) = -m**2 - m - 4. What is o(x)?
-4
Let r be 19/7 - (-4)/14. Let u(n) = -2*n**2 - 8*n**r + 9*n**3 + n + 3*n**2 + 1. Calculate u(0).
1
Let x(g) be the second derivative of -g**5/20 + g**4/2 - g**3/6 - 2*g**2 - 5*g. Suppose -5*d + 6 = -24. Calculate x(d).
-10
Let j be (0/(-1 - 0))/3. Let o(i) = -i - 4. Give o(j).
-4
Let v(g) = g**2 + 4*g + 2. Suppose -3*d + 2*d + 3 = 0. Suppose 0 = -3*f + o - 17, -2*f - 2*o = d*f + 21. What is v(f)?
7
Let r(d) be the third derivative of -d**4/24 - 5*d**3/3 + 10*d**2. What is r(0)?
-10
Let h(n) = n**3 - 2*n**2 - 3*n + 2. Suppose -3*c + j + 37 = 0, 2*c = -3*c - 4*j + 39. Suppose 5*v + c = 26. Calculate h(v).
2
Let f(o) = -16*o**2 + o + 1. Suppose 5*d + 2 + 3 = 0. What is f(d)?
-16
Let g(q) be the third derivative of q**5/60 - q**4/8 + 2*q**3/3 + 6*q**2. What is g(3)?
4
Suppose 0 = -2*y - m + 4, 4*y - 4*m = -y + 36. Let q(k) = -k + y*k**2 - 10*k**2 + 5*k**2 - 13. Determine q(0).
-13
Let m(y) = -y**3 - 5*y**2 + 9*y + 8. Suppose -5*f + 4*t + 91 = 0, f + t - 41 = -2*f. Suppose 0 = -2*w - f + 3. What is m(w)?
-10
Suppose -4*n = -3*y + 23, 2*y + 2*n - 18 = 6*n. Suppose -y = q - 1. Let p(h) = 2*h**2 + 3*h + 8*h**2 - 11*h**2 + 2*h**2. Give p(q).
4
Let b(o) = o**3 - 5*o**2 + 6*o - 5. Suppose -12*a + 6*a + 24 = 0. Calculate b(a).
3
Let g(i) = -7*i**3 - i**2 - i + 1. Let m be 9/7 + (-2)/7. What is g(m)?
-8
Let w(s) = -s**3 + 3*s + 3. Let z = 1 + -3. Let t be w(z). Let d(y) = 3 + 1 + 2*y**3 - 3*y**3 - y + t*y**2. Calculate d(5).
-1
Let r(z) = -2*z + 3 + z + 3*z. Let w(n) = -3*n + 12. Let a be w(5). Give r(a).
-3
Let m(b) be the first derivative of -1/3*b**3 + 2*b + 1 + 3*b**2. Give m(6).
2
Let t(q) be the first derivative of -q**4/4 + 8*q**3/3 - 7*q**2/2 + 6*q - 15. Calculate t(7).
6
Let q(f) = -2*f - 2*f + 3*f. Let g(s) = -4*s**3 + s. Let p be g(-1). Give q(p).
-3
Let i(m) be the first derivative of -m**5/120 - 2*m**3 - 4. Let s(l) be the third derivative of i(l). What is s(6)?
-6
Let b = -317 + 325. Let c(n) = -n**2 + 2*n**2 + 0 + 2 - 8*n. Determine c(b).
2
Let l(z) = 10*z**3 - 12*z**2 + 4*z + 6. Let s(d) = 7*d**3 - 8*d**2 + 3*d + 4. Let j(y) = 5*l(y) - 7*s(y). Let h be 0/(-1*2)*1. Suppose p - 4 = -h. What is j(p)?
-2
Let t(j) = -j - 2. Suppose -o = 4*a + 40, 0 = -a - 3*o + 4*o - 5. Calculate t(a).
7
Let j(g) = -g - 12. Suppose -8*c + 9*c + 5 = 0. Calculate j(c).
-7
Suppose c + 4*c = 15. Suppose -h - 16 = c*h. Let i(j) = -j + j - 3*j + 2*j. What is i(h)?
4
Let r(i) be the first derivative of i**2/2 - 7*i + 3. What is r(0)?
-7
Let b(t) = -2*t**3 + 5*t**2 + 7*t - 1. Let p(u) = 5*u**3 - 15*u**2 - 20*u + 2. Let q(g) = -8*b(g) - 3*p(g). What is q(-2)?
6
Let v be (-4 + 0)*(0 + -1). Let z(o) = -o**3 + 3*o**2 + 4*o + 1. Determine z(v).
1
Let f(q) = -2*q + 3*q - 10 + q**2 + 8*q - 3*q. What is f(-7)?
-3
Let l(r) = -r**3 + 3*r**2 + 5*r - 6. Suppose 0 = -g + 3 + 2. Let h(f) = 5*f + 1. Let y(n) = -4*n - 1. Let c(s) = g*h(s) + 6*y(s). Let t be c(5). Calculate l(t).
-2
Let n(y) = y**2 - 2. Let m = -15 - -17. What is n(m)?
2
Let i(g) = g**3 + 3*g**2 - 3*g - 6. Let m(b) = b + 2. Let f be m(5). Let x = 9 - f. Let k(c) = -2*c**3 + 4*c**2 - 3*c + 2. Let o be k(x). Give i(o).
-10
Let m(i) = -6 + 22*i - 10*i - 14*i. Let g be ((-4)/5)/(1/5). Determine m(g).
2
Let j(a) = a - 1. Let m be j(0). Let u be 8/36 - 29/9. Let g be (u - -8)*(m + 0). Let t(p) = p**3 + 6*p**2 + 5*p - 6. Determine t(g).
-6
Let a(q) be the first derivative of 1/2*q**2 - 8 - 12*q. Determine a(0).
-12
Suppose -4*h + 6 = -x + 4, -3*h - 1 = -2*x. Let v(j) = -4*j + 4. Let w(d) = 7*d - 7. Let s(o) = -5*v(o) - 3*w(o). What is s(x)?
-1
Suppose -11 = 5*u + 4. Let b = 0 - -3. Let g(k) = -b - 5*k - k**2 + 3 - 4. Give g(u).
2
Let o(x) = -2*x + 1. Let v be o(-1). Let u = v - 5. Let l(i) = -2*i**3 - 4*i**2 - 3*i - 1. Determine l(u).
5
Suppose -2*r = 4*m - r + 1, 3*m = -3*r - 12. Let j(v) = v - 1. Let t(c) = 6*c - 4. Let g(y) = m*t(y) - 5*j(y). Give g(-3).
-2
Suppose 3*f - 5*f + 5*o + 6 = 0, 2*o + 6 = 2*f. Let z(a) be the second derivative of 0 - a + 3/2*a**2 + 1/3*a**f. Determine z(-4).
-5
Let c(r) be the first derivative of r**3/3 + r**2/2 + 8*r + 2. Let d(s) be the first derivative of c(s). Determine d(-4).
-7
Let z(c) = -2*c + 4*c + 2*c**2 - 4*c - 45 + 44. Suppose -h = 4*u - 15, 3*u + 0*u = -5*h + 7. What is z(h)?
3
Let z = -1 - -1. Let h(y) be the first derivative of y**3/3 - y**2/2 - 10*y + 12. Determine h(z).
-10
Let t be -5 + 0 + 1 + -1. Let c(l) be the third derivative of -l**5/60 - l**4/6 + l**3/6 + 16*l**2. Calculate c(t).
-4
Let n be 1/(-2)*0/(-1). Let h(q) = 134*q + 12 + 130*q - 263*q. What is h(n)?
12
Let b(v) = -5*v**3 - 8*v**2 - v + 3. Let u(h) = -2*h**3 - 4*h**2 + 1. Let l(n) = 4*b(n) - 9*u(n). Calculate l(2).
-5
Let t(u) = 7*u - 1. Let q be 4 - ((-1)/1 + 0). Let v = -5 + q. Let d = v - -1. Determine t(d).
6
Let w = 5 + 9. Suppose w = -a - 6*p + p, 4*a + 4*p = -24. Let r(t) = -8*t + 24. Let k(q) = -3*q + 8. Let d(u) = -11*k(u) + 4*r(u). What is d(a)?
4
Let z(b) = b**3 - 2*b**2 + 1. Let q be 10/(-4)*8/(-10). Determine z(q).
1
Suppose 3*j - 2 = 1. Let